{"id":752,"date":"2024-11-12T11:53:33","date_gmt":"2024-11-12T10:53:33","guid":{"rendered":"https:\/\/beeome.fr\/index.php\/lentreprise-2\/"},"modified":"2026-05-11T17:27:00","modified_gmt":"2026-05-11T15:27:00","slug":"animations","status":"publish","type":"page","link":"https:\/\/beeome.fr\/index.php\/animations\/","title":{"rendered":"Animations"},"content":{"rendered":"\t\t<div data-elementor-type=\"page\" data-elementor-id=\"752\" class=\"elementor elementor-752\">\n\t\t\t\t<div class=\"elementor-element elementor-element-5f7c3e74 e-con-full e-flex wpr-particle-no wpr-jarallax-no wpr-parallax-no wpr-sticky-section-no wpr-equal-height-no e-con e-parent\" data-id=\"5f7c3e74\" data-element_type=\"container\" data-e-type=\"container\" data-settings=\"{&quot;background_background&quot;:&quot;classic&quot;}\">\n\t\t\t\t<div class=\"elementor-element elementor-element-4667428b elementor-widget elementor-widget-heading\" data-id=\"4667428b\" data-element_type=\"widget\" data-e-type=\"widget\" data-widget_type=\"heading.default\">\n\t\t\t\t<div class=\"elementor-widget-container\">\n\t\t\t\t\t<h2 class=\"elementor-heading-title elementor-size-default\">ANIMATIONS<\/h2>\t\t\t\t<\/div>\n\t\t\t\t<\/div>\n\t\t\t\t<div class=\"elementor-element elementor-element-1cb878cc elementor-widget-divider--view-line elementor-widget elementor-widget-divider\" data-id=\"1cb878cc\" data-element_type=\"widget\" data-e-type=\"widget\" data-widget_type=\"divider.default\">\n\t\t\t\t<div class=\"elementor-widget-container\">\n\t\t\t\t\t\t\t<div class=\"elementor-divider\">\n\t\t\t<span class=\"elementor-divider-separator\">\n\t\t\t\t\t\t<\/span>\n\t\t<\/div>\n\t\t\t\t\t\t<\/div>\n\t\t\t\t<\/div>\n\t\t\t\t<\/div>\n\t\t<div class=\"elementor-element elementor-element-24216ad1 e-con-full e-flex wpr-particle-no wpr-jarallax-no wpr-parallax-no wpr-sticky-section-no wpr-equal-height-no e-con e-parent\" data-id=\"24216ad1\" data-element_type=\"container\" data-e-type=\"container\">\n\t\t<div class=\"elementor-element elementor-element-546eb846 e-con-full e-flex wpr-particle-no wpr-jarallax-no wpr-parallax-no wpr-sticky-section-no wpr-equal-height-no e-con e-child\" data-id=\"546eb846\" data-element_type=\"container\" data-e-type=\"container\" data-settings=\"{&quot;background_background&quot;:&quot;classic&quot;}\">\n\t\t\t\t<div class=\"elementor-element elementor-element-277916e8 elementor-widget elementor-widget-spacer\" data-id=\"277916e8\" data-element_type=\"widget\" data-e-type=\"widget\" data-widget_type=\"spacer.default\">\n\t\t\t\t<div class=\"elementor-widget-container\">\n\t\t\t\t\t\t\t<div class=\"elementor-spacer\">\n\t\t\t<div class=\"elementor-spacer-inner\"><\/div>\n\t\t<\/div>\n\t\t\t\t\t\t<\/div>\n\t\t\t\t<\/div>\n\t\t\t\t<\/div>\n\t\t<div class=\"elementor-element elementor-element-3f4a0208 e-con-full e-flex wpr-particle-no wpr-jarallax-no wpr-parallax-no wpr-sticky-section-no wpr-equal-height-no e-con e-child\" data-id=\"3f4a0208\" data-element_type=\"container\" data-e-type=\"container\">\n\t\t\t\t<div class=\"elementor-element elementor-element-3cc5acca elementor-widget elementor-widget-heading\" data-id=\"3cc5acca\" data-element_type=\"widget\" data-e-type=\"widget\" data-widget_type=\"heading.default\">\n\t\t\t\t<div class=\"elementor-widget-container\">\n\t\t\t\t\t<h3 class=\"elementor-heading-title elementor-size-default\">Notre approche &amp; nos publics<\/h3>\t\t\t\t<\/div>\n\t\t\t\t<\/div>\n\t\t\t\t<div class=\"elementor-element elementor-element-7058131 elementor-widget elementor-widget-text-editor\" data-id=\"7058131\" data-element_type=\"widget\" data-e-type=\"widget\" data-widget_type=\"text-editor.default\">\n\t\t\t\t<div class=\"elementor-widget-container\">\n\t\t\t\t\t\t\t\t\t<p><span style=\"font-weight: 400;\">Naturalistes de formation, nous concevons des animations ancr\u00e9es dans une vraie expertise de terrain. Pour nous, rigueur scientifique et accessibilit\u00e9 vont de pair : une animation r\u00e9ussie, c&rsquo;est celle qui transmet quelque chose de concret tout en donnant envie d&rsquo;en savoir plus.<\/span><\/p><p><span style=\"font-weight: 400;\">Nous intervenons aupr\u00e8s de tous les publics : scolaires, familles, grand public, \u00e9tudiants, professionnels et acteurs du territoire. Chaque intervention est pens\u00e9e en fonction de l&rsquo;\u00e2ge, du contexte et des objectifs.\u00a0<\/span><\/p><p><span style=\"font-weight: 400;\">Vous avez un projet de sensibilisation en t\u00eate mais vous ne savez pas encore par o\u00f9 commencer ? Nous pouvons \u00e9changer et trouver ensemble l\u2019approche qui vous correspond.<\/span><\/p>\t\t\t\t\t\t\t\t<\/div>\n\t\t\t\t<\/div>\n\t\t\t\t<div class=\"elementor-element elementor-element-2bc84e7e elementor-align-center elementor-widget elementor-widget-button\" data-id=\"2bc84e7e\" data-element_type=\"widget\" data-e-type=\"widget\" data-widget_type=\"button.default\">\n\t\t\t\t<div class=\"elementor-widget-container\">\n\t\t\t\t\t\t\t\t\t<div class=\"elementor-button-wrapper\">\n\t\t\t\t\t<a class=\"elementor-button elementor-button-link elementor-size-sm\" href=\"https:\/\/beeome.fr\/index.php\/contact\/\">\n\t\t\t\t\t\t<span class=\"elementor-button-content-wrapper\">\n\t\t\t\t\t\t\t\t\t<span class=\"elementor-button-text\">Contactez-nous pour un premier \u00e9change<\/span>\n\t\t\t\t\t<\/span>\n\t\t\t\t\t<\/a>\n\t\t\t\t<\/div>\n\t\t\t\t\t\t\t\t<\/div>\n\t\t\t\t<\/div>\n\t\t\t\t<div class=\"elementor-element elementor-element-40db4f24 elementor-widget elementor-widget-heading\" data-id=\"40db4f24\" data-element_type=\"widget\" data-e-type=\"widget\" data-widget_type=\"heading.default\">\n\t\t\t\t<div class=\"elementor-widget-container\">\n\t\t\t\t\t<h2 class=\"elementor-heading-title elementor-size-default\">On trouvera la meilleure formule ensemble.<\/h2>\t\t\t\t<\/div>\n\t\t\t\t<\/div>\n\t\t\t\t<\/div>\n\t\t\t\t<\/div>\n\t\t<div class=\"elementor-element elementor-element-7fa45c45 e-con-full e-flex wpr-particle-no wpr-jarallax-no wpr-parallax-no wpr-sticky-section-no wpr-equal-height-no e-con e-parent\" data-id=\"7fa45c45\" data-element_type=\"container\" data-e-type=\"container\">\n\t\t<div class=\"elementor-element elementor-element-395bfba9 e-con-full e-flex wpr-particle-no wpr-jarallax-no wpr-parallax-no wpr-sticky-section-no wpr-equal-height-no e-con e-child\" data-id=\"395bfba9\" data-element_type=\"container\" data-e-type=\"container\">\n\t\t\t\t<div class=\"elementor-element elementor-element-5a2f959c elementor-widget elementor-widget-heading\" data-id=\"5a2f959c\" data-element_type=\"widget\" data-e-type=\"widget\" data-widget_type=\"heading.default\">\n\t\t\t\t<div class=\"elementor-widget-container\">\n\t\t\t\t\t<h3 class=\"elementor-heading-title elementor-size-default\">Nos formats &amp; vos projets sur mesure<\/h3>\t\t\t\t<\/div>\n\t\t\t\t<\/div>\n\t\t\t\t<div class=\"elementor-element elementor-element-3d69a1f2 elementor-widget elementor-widget-text-editor\" data-id=\"3d69a1f2\" data-element_type=\"widget\" data-e-type=\"widget\" data-widget_type=\"text-editor.default\">\n\t\t\t\t<div class=\"elementor-widget-container\">\n\t\t\t\t\t\t\t\t\t<p><span style=\"font-weight: 400;\">Nous proposons une grande vari\u00e9t\u00e9 de formats : ateliers immersifs, sorties nature, interventions en classe, stands \u00e9v\u00e9nementiels ou encore conf\u00e9rences en ligne. Chaque format peut \u00eatre adapt\u00e9, combin\u00e9 ou repens\u00e9 selon ce que vous cherchez \u00e0 atteindre.<\/span><\/p><p><span style=\"font-weight: 400;\">Nous concevons nos propres supports p\u00e9dagogiques (affiches, jeux, outils de m\u00e9diation, fiches d\u2019activit\u00e9s\u2026) pour des contenus r\u00e9ellement personnalis\u00e9s, adapt\u00e9s \u00e0 votre public, vos th\u00e9matiques et votre territoire.<\/span><\/p><p><span style=\"font-weight: 400;\">Que votre id\u00e9e soit pr\u00e9cise ou au stad<\/span><span style=\"font-weight: 400;\">e <\/span><span style=\"font-weight: 400;\">d\u2019\u00e9bauche, contactez-nous pour construire le projet ensemble.<\/span><\/p>\t\t\t\t\t\t\t\t<\/div>\n\t\t\t\t<\/div>\n\t\t\t\t<div class=\"elementor-element elementor-element-20889b5b elementor-align-center elementor-widget elementor-widget-button\" data-id=\"20889b5b\" data-element_type=\"widget\" data-e-type=\"widget\" data-widget_type=\"button.default\">\n\t\t\t\t<div class=\"elementor-widget-container\">\n\t\t\t\t\t\t\t\t\t<div class=\"elementor-button-wrapper\">\n\t\t\t\t\t<a class=\"elementor-button elementor-button-link elementor-size-sm\" href=\"https:\/\/beeome.fr\/index.php\/contact\/\">\n\t\t\t\t\t\t<span class=\"elementor-button-content-wrapper\">\n\t\t\t\t\t\t\t\t\t<span class=\"elementor-button-text\">Je souhaite une animation sur-mesure<\/span>\n\t\t\t\t\t<\/span>\n\t\t\t\t\t<\/a>\n\t\t\t\t<\/div>\n\t\t\t\t\t\t\t\t<\/div>\n\t\t\t\t<\/div>\n\t\t\t\t<div class=\"elementor-element elementor-element-5a9160f0 elementor-widget elementor-widget-heading\" data-id=\"5a9160f0\" data-element_type=\"widget\" data-e-type=\"widget\" data-widget_type=\"heading.default\">\n\t\t\t\t<div class=\"elementor-widget-container\">\n\t\t\t\t\t<h2 class=\"elementor-heading-title elementor-size-default\">Chaque projet commence par une discussion<\/h2>\t\t\t\t<\/div>\n\t\t\t\t<\/div>\n\t\t\t\t<\/div>\n\t\t<div class=\"elementor-element elementor-element-3d4be8f7 e-con-full e-flex wpr-particle-no wpr-jarallax-no wpr-parallax-no wpr-sticky-section-no wpr-equal-height-no e-con e-child\" data-id=\"3d4be8f7\" data-element_type=\"container\" data-e-type=\"container\" data-settings=\"{&quot;background_background&quot;:&quot;classic&quot;}\">\n\t\t\t\t<div class=\"elementor-element elementor-element-6094c071 elementor-widget elementor-widget-spacer\" data-id=\"6094c071\" data-element_type=\"widget\" data-e-type=\"widget\" data-widget_type=\"spacer.default\">\n\t\t\t\t<div class=\"elementor-widget-container\">\n\t\t\t\t\t\t\t<div class=\"elementor-spacer\">\n\t\t\t<div class=\"elementor-spacer-inner\"><\/div>\n\t\t<\/div>\n\t\t\t\t\t\t<\/div>\n\t\t\t\t<\/div>\n\t\t\t\t<\/div>\n\t\t\t\t<\/div>\n\t\t<div class=\"elementor-element elementor-element-42699f17 e-con-full e-flex wpr-particle-no wpr-jarallax-no wpr-parallax-no wpr-sticky-section-no wpr-equal-height-no e-con e-parent\" data-id=\"42699f17\" data-element_type=\"container\" data-e-type=\"container\">\n\t\t\t\t<div class=\"elementor-element elementor-element-e979f88 elementor-arrows-position-outside mon-carrousel elementor-widget elementor-widget-image-carousel\" data-id=\"e979f88\" data-element_type=\"widget\" data-e-type=\"widget\" data-settings=\"{&quot;slides_to_show&quot;:&quot;3&quot;,&quot;navigation&quot;:&quot;arrows&quot;,&quot;autoplay&quot;:&quot;yes&quot;,&quot;pause_on_interaction&quot;:&quot;yes&quot;,&quot;autoplay_speed&quot;:5000,&quot;infinite&quot;:&quot;yes&quot;,&quot;speed&quot;:500}\" data-widget_type=\"image-carousel.default\">\n\t\t\t\t<div class=\"elementor-widget-container\">\n\t\t\t\t\t\t\t<div class=\"elementor-image-carousel-wrapper swiper\" role=\"region\" aria-roledescription=\"carousel\" aria-label=\"Carrousel d\u2019images\" dir=\"ltr\">\n\t\t\t<div class=\"elementor-image-carousel swiper-wrapper swiper-image-stretch\" aria-live=\"off\">\n\t\t\t\t\t\t\t\t<div class=\"swiper-slide\" role=\"group\" aria-roledescription=\"slide\" aria-label=\"1 sur 12\"><figure class=\"swiper-slide-inner\"><img decoding=\"async\" class=\"swiper-slide-image\" src=\"https:\/\/beeome.fr\/wp-content\/uploads\/2026\/04\/celia-retouche.jpg\" alt=\"celia retouche\" \/><\/figure><\/div><div class=\"swiper-slide\" role=\"group\" aria-roledescription=\"slide\" aria-label=\"2 sur 12\"><figure class=\"swiper-slide-inner\"><img decoding=\"async\" class=\"swiper-slide-image\" src=\"https:\/\/beeome.fr\/wp-content\/uploads\/2026\/04\/celia-dos-retouche.jpg\" alt=\"celia dos retouche\" \/><\/figure><\/div><div class=\"swiper-slide\" role=\"group\" aria-roledescription=\"slide\" aria-label=\"3 sur 12\"><figure class=\"swiper-slide-inner\"><img decoding=\"async\" class=\"swiper-slide-image\" src=\"https:\/\/beeome.fr\/wp-content\/uploads\/2026\/04\/celia-enfants-retouche-scaled.jpg\" alt=\"celia enfants retouche\" \/><\/figure><\/div><div class=\"swiper-slide\" role=\"group\" aria-roledescription=\"slide\" aria-label=\"4 sur 12\"><figure class=\"swiper-slide-inner\"><img decoding=\"async\" class=\"swiper-slide-image\" src=\"https:\/\/beeome.fr\/wp-content\/uploads\/2026\/04\/marie-enfants-retouche-scaled.jpg\" alt=\"marie enfants retouche\" \/><\/figure><\/div><div class=\"swiper-slide\" role=\"group\" aria-roledescription=\"slide\" aria-label=\"5 sur 12\"><figure class=\"swiper-slide-inner\"><img decoding=\"async\" class=\"swiper-slide-image\" src=\"https:\/\/beeome.fr\/wp-content\/uploads\/2026\/04\/alizee-groupe-retouche-scaled.jpg\" alt=\"alizee groupe retouche\" \/><\/figure><\/div><div class=\"swiper-slide\" role=\"group\" aria-roledescription=\"slide\" aria-label=\"6 sur 12\"><figure class=\"swiper-slide-inner\"><img decoding=\"async\" class=\"swiper-slide-image\" src=\"https:\/\/beeome.fr\/wp-content\/uploads\/2026\/04\/maire-jeux-retouche.jpg\" alt=\"maire jeux retouche\" \/><\/figure><\/div><div class=\"swiper-slide\" role=\"group\" aria-roledescription=\"slide\" aria-label=\"7 sur 12\"><figure class=\"swiper-slide-inner\"><img decoding=\"async\" class=\"swiper-slide-image\" src=\"https:\/\/beeome.fr\/wp-content\/uploads\/2026\/04\/jeux-enfants-retouche.jpg\" alt=\"jeux enfants retouche\" \/><\/figure><\/div><div class=\"swiper-slide\" role=\"group\" aria-roledescription=\"slide\" aria-label=\"8 sur 12\"><figure class=\"swiper-slide-inner\"><img decoding=\"async\" class=\"swiper-slide-image\" src=\"https:\/\/beeome.fr\/wp-content\/uploads\/2026\/04\/Marie-groupe-retouche.jpg\" alt=\"Marie groupe retouche\" \/><\/figure><\/div><div class=\"swiper-slide\" role=\"group\" aria-roledescription=\"slide\" aria-label=\"9 sur 12\"><figure class=\"swiper-slide-inner\"><img decoding=\"async\" class=\"swiper-slide-image\" src=\"https:\/\/beeome.fr\/wp-content\/uploads\/2026\/04\/664710763_1900583047326741_1561742053606655549_n.jpg\" alt=\"664710763_1900583047326741_1561742053606655549_n\" \/><\/figure><\/div><div class=\"swiper-slide\" role=\"group\" aria-roledescription=\"slide\" aria-label=\"10 sur 12\"><figure class=\"swiper-slide-inner\"><img decoding=\"async\" class=\"swiper-slide-image\" src=\"https:\/\/beeome.fr\/wp-content\/uploads\/2026\/04\/663823149_1961254324598769_1155585084860927998_n.jpg\" alt=\"663823149_1961254324598769_1155585084860927998_n\" \/><\/figure><\/div><div class=\"swiper-slide\" role=\"group\" aria-roledescription=\"slide\" aria-label=\"11 sur 12\"><figure class=\"swiper-slide-inner\"><img decoding=\"async\" class=\"swiper-slide-image\" src=\"https:\/\/beeome.fr\/wp-content\/uploads\/2026\/04\/1bis-scaled.jpg\" alt=\"1bis\" \/><\/figure><\/div><div class=\"swiper-slide\" role=\"group\" aria-roledescription=\"slide\" aria-label=\"12 sur 12\"><figure class=\"swiper-slide-inner\"><img decoding=\"async\" class=\"swiper-slide-image\" src=\"https:\/\/beeome.fr\/wp-content\/uploads\/2026\/04\/8fe1b6ab-81d5-4d02-8dde-98202fcef0c6.jpg\" alt=\"8fe1b6ab-81d5-4d02-8dde-98202fcef0c6\" \/><\/figure><\/div>\t\t\t<\/div>\n\t\t\t\t\t\t\t\t\t\t\t\t<div class=\"elementor-swiper-button elementor-swiper-button-prev\" role=\"button\" tabindex=\"0\">\n\t\t\t\t\t\t<svg class=\"ekit-svg-icon icon-arrow-left\" viewBox=\"0 0 32 32\" xmlns=\"http:\/\/www.w3.org\/2000\/svg\"><path d=\"M1.034 16.234l9.6-9.6c0.312-0.312 0.819-0.312 1.131 0s0.312 0.819 0 1.131l-8.234 8.234h26.069c0.442 0 0.8 0.358 0.8 0.8s-0.358 0.8-0.8 0.8h-26.069l8.234 8.234c0.312 0.312 0.312 0.819 0 1.131-0.156 0.156-0.361 0.234-0.566 0.234s-0.409-0.078-0.566-0.234l-9.6-9.6c-0.312-0.312-0.312-0.819 0-1.131z\"><\/path><\/svg>\t\t\t\t\t<\/div>\n\t\t\t\t\t<div class=\"elementor-swiper-button elementor-swiper-button-next\" role=\"button\" tabindex=\"0\">\n\t\t\t\t\t\t<svg class=\"ekit-svg-icon icon-arrow-right\" viewBox=\"0 0 32 32\" xmlns=\"http:\/\/www.w3.org\/2000\/svg\"><path d=\"M30.966 16.234l-9.6-9.6c-0.312-0.312-0.819-0.312-1.131 0s-0.312 0.819 0 1.131l8.234 8.234h-26.069c-0.442 0-0.8 0.358-0.8 0.8s0.358 0.8 0.8 0.8h26.069l-8.234 8.234c-0.312 0.312-0.312 0.819 0 1.131 0.156 0.156 0.361 0.234 0.566 0.234s0.409-0.078 0.566-0.234l9.6-9.6c0.312-0.312 0.312-0.819 0-1.131z\"><\/path><\/svg>\t\t\t\t\t<\/div>\n\t\t\t\t\n\t\t\t\t\t\t\t\t\t<\/div>\n\t\t\t\t\t\t<\/div>\n\t\t\t\t<\/div>\n\t\t\t\t<\/div>\n\t\t\t\t<\/div>\n\t\t","protected":false},"excerpt":{"rendered":"<p>ANIMATIONS Notre approche &amp; nos publics Naturalistes de formation, nous concevons des animations ancr\u00e9es dans une vraie expertise de terrain. Pour nous, rigueur scientifique et accessibilit\u00e9 vont de pair : une animation r\u00e9ussie, c&rsquo;est celle qui transmet quelque chose de concret tout en donnant envie d&rsquo;en savoir plus. Nous intervenons aupr\u00e8s de tous les publics : scolaires, familles, grand public, \u00e9tudiants, professionnels et acteurs du territoire. Chaque intervention est pens\u00e9e en fonction de l&rsquo;\u00e2ge, du contexte et des objectifs.\u00a0 Vous avez un projet de sensibilisation en t\u00eate mais vous ne savez pas encore par o\u00f9 commencer ? Nous pouvons \u00e9changer et trouver ensemble l\u2019approche qui vous correspond. Contactez-nous pour un premier \u00e9change On trouvera la meilleure formule ensemble. Nos formats &amp; vos projets sur mesure Nous proposons une grande vari\u00e9t\u00e9 de formats : ateliers immersifs, sorties nature, interventions en classe, stands \u00e9v\u00e9nementiels ou encore conf\u00e9rences en ligne. Chaque format peut \u00eatre adapt\u00e9, combin\u00e9 ou repens\u00e9 selon ce que vous cherchez \u00e0 atteindre. Nous concevons nos propres supports p\u00e9dagogiques (affiches, jeux, outils de m\u00e9diation, fiches d\u2019activit\u00e9s\u2026) pour des contenus r\u00e9ellement personnalis\u00e9s, adapt\u00e9s \u00e0 votre public, vos th\u00e9matiques et votre territoire. Que votre id\u00e9e soit pr\u00e9cise ou au stade d\u2019\u00e9bauche, contactez-nous pour construire le projet ensemble. Je souhaite une animation sur-mesure Chaque projet commence par une discussion<\/p>\n","protected":false},"author":1,"featured_media":0,"parent":0,"menu_order":0,"comment_status":"closed","ping_status":"closed","template":"","meta":{"footnotes":""},"class_list":["post-752","page","type-page","status-publish","hentry"],"_links":{"self":[{"href":"https:\/\/beeome.fr\/index.php\/wp-json\/wp\/v2\/pages\/752","targetHints":{"allow":["GET"]}}],"collection":[{"href":"https:\/\/beeome.fr\/index.php\/wp-json\/wp\/v2\/pages"}],"about":[{"href":"https:\/\/beeome.fr\/index.php\/wp-json\/wp\/v2\/types\/page"}],"author":[{"embeddable":true,"href":"https:\/\/beeome.fr\/index.php\/wp-json\/wp\/v2\/users\/1"}],"replies":[{"embeddable":true,"href":"https:\/\/beeome.fr\/index.php\/wp-json\/wp\/v2\/comments?post=752"}],"version-history":[{"count":99,"href":"https:\/\/beeome.fr\/index.php\/wp-json\/wp\/v2\/pages\/752\/revisions"}],"predecessor-version":[{"id":3119,"href":"https:\/\/beeome.fr\/index.php\/wp-json\/wp\/v2\/pages\/752\/revisions\/3119"}],"wp:attachment":[{"href":"https:\/\/beeome.fr\/index.php\/wp-json\/wp\/v2\/media?parent=752"}],"curies":[{"name":"wp","href":"https:\/\/api.w.org\/{rel}","templated":true}]}}